{"id":16,"date":"2023-06-04T15:54:58","date_gmt":"2023-06-04T15:54:58","guid":{"rendered":"https:\/\/hunlease.hu\/wordpress\/?page_id=16"},"modified":"2023-08-27T11:27:32","modified_gmt":"2023-08-27T11:27:32","slug":"rolunk","status":"publish","type":"page","link":"https:\/\/hunlease.hu\/wordpress\/rolunk\/","title":{"rendered":"R\u00f3lunk"},"content":{"rendered":"\t\t<div data-elementor-type=\"wp-page\" data-elementor-id=\"16\" class=\"elementor elementor-16\">\n\t\t\t\t\t\t<section class=\"elementor-section elementor-top-section elementor-element elementor-element-1b1cc6f elementor-section-boxed elementor-section-height-default elementor-section-height-default\" data-id=\"1b1cc6f\" data-element_type=\"section\" data-e-type=\"section\">\n\t\t\t\t\t\t<div class=\"elementor-container elementor-column-gap-default\">\n\t\t\t\t\t<div class=\"elementor-column elementor-col-100 elementor-top-column elementor-element elementor-element-d4e8abb\" data-id=\"d4e8abb\" data-element_type=\"column\" data-e-type=\"column\">\n\t\t\t<div class=\"elementor-widget-wrap elementor-element-populated\">\n\t\t\t\t\t\t<div class=\"elementor-element elementor-element-630850d elementor-widget elementor-widget-text-editor\" data-id=\"630850d\" data-element_type=\"widget\" data-e-type=\"widget\" data-widget_type=\"text-editor.default\">\n\t\t\t\t<div class=\"elementor-widget-container\">\n\t\t\t\t\t\t\t\t\t<p>A szolg\u00e1ltat\u00e1sokat a HunLease P\u00e9nz\u00fcgyi Szolg\u00e1ltat\u00f3 Kft a P\u00e9nz\u00fcgyi Szervezetek \u00c1llami fel\u00fcgyelete EN-I-928\/2010. sz\u00e1m\u00fa hat\u00e1rozat\u00e1ban foglalt enged\u00e9lye (www.mnb.hu) alapj\u00e1n f\u00fcggetlen k\u00f6zvet\u00edt\u0151k\u00e9nt k\u00edn\u00e1lja \u00fcgyfelei sz\u00e1m\u00e1ra.<\/p><p>A honlapon k\u00f6zz\u00e9tett inform\u00e1ci\u00f3k nem min\u0151s\u00fclnek aj\u00e1nlatt\u00e9telnek, kiz\u00e1r\u00f3lag a figyelemfelkelt\u00e9s c\u00e9lj\u00e1t szolg\u00e1lj\u00e1k.<\/p><p>A p\u00e9nz\u00fcgyi szolg\u00e1ltat\u00e1sokkal kapcsolatban tov\u00e1bbi inform\u00e1ci\u00f3 \u00e9s aj\u00e1nlatk\u00e9r\u00e9s egyeztetett id\u0151pontban szem\u00e9lyesen a HunLease Kft \u00fcgyf\u00e9lszolg\u00e1lati irod\u00e1j\u00e1ban vagy az al\u00e1bbi el\u00e9rhet\u0151s\u00e9geken.<\/p><p>\u00a0<\/p>\t\t\t\t\t\t\t\t<\/div>\n\t\t\t\t<\/div>\n\t\t\t\t\t<\/div>\n\t\t<\/div>\n\t\t\t\t\t<\/div>\n\t\t<\/section>\n\t\t\t\t<section class=\"elementor-section elementor-top-section elementor-element elementor-element-a8ca0fc elementor-section-boxed elementor-section-height-default elementor-section-height-default\" data-id=\"a8ca0fc\" data-element_type=\"section\" data-e-type=\"section\">\n\t\t\t\t\t\t<div class=\"elementor-container elementor-column-gap-default\">\n\t\t\t\t\t<div class=\"elementor-column elementor-col-33 elementor-top-column elementor-element elementor-element-65f2ad5\" data-id=\"65f2ad5\" data-element_type=\"column\" data-e-type=\"column\">\n\t\t\t<div class=\"elementor-widget-wrap elementor-element-populated\">\n\t\t\t\t\t\t<div class=\"elementor-element elementor-element-cfea13e elementor-widget elementor-widget-image-box\" data-id=\"cfea13e\" data-element_type=\"widget\" data-e-type=\"widget\" data-widget_type=\"image-box.default\">\n\t\t\t\t<div class=\"elementor-widget-container\">\n\t\t\t\t\t<div class=\"elementor-image-box-wrapper\"><div class=\"elementor-image-box-content\"><h3 class=\"elementor-image-box-title\">Kors\u00f3s Zolt\u00e1n<\/h3><p class=\"elementor-image-box-description\">+36 20 431 6929 <br>\nzkorsos(kukac)hunlease.hu<\/p><\/div><\/div>\t\t\t\t<\/div>\n\t\t\t\t<\/div>\n\t\t\t\t\t<\/div>\n\t\t<\/div>\n\t\t\t\t<div class=\"elementor-column elementor-col-33 elementor-top-column elementor-element elementor-element-c4b58ca\" data-id=\"c4b58ca\" data-element_type=\"column\" data-e-type=\"column\">\n\t\t\t<div class=\"elementor-widget-wrap elementor-element-populated\">\n\t\t\t\t\t\t<div class=\"elementor-element elementor-element-91bf9b0 elementor-widget elementor-widget-image-box\" data-id=\"91bf9b0\" data-element_type=\"widget\" data-e-type=\"widget\" data-widget_type=\"image-box.default\">\n\t\t\t\t<div class=\"elementor-widget-container\">\n\t\t\t\t\t<div class=\"elementor-image-box-wrapper\"><div class=\"elementor-image-box-content\"><h3 class=\"elementor-image-box-title\">Kors\u00f3s Zolt\u00e1nn\u00e9 R\u00f3zsa<\/h3><p class=\"elementor-image-box-description\">+36 20 537 9901<br>\nkorsos.rozsa(kukac)hunlease.hu<\/p><\/div><\/div>\t\t\t\t<\/div>\n\t\t\t\t<\/div>\n\t\t\t\t\t<\/div>\n\t\t<\/div>\n\t\t\t\t<div class=\"elementor-column elementor-col-33 elementor-top-column elementor-element elementor-element-f66f38a\" data-id=\"f66f38a\" data-element_type=\"column\" data-e-type=\"column\">\n\t\t\t<div class=\"elementor-widget-wrap elementor-element-populated\">\n\t\t\t\t\t\t<div class=\"elementor-element elementor-element-85ba248 elementor-widget elementor-widget-image-box\" data-id=\"85ba248\" data-element_type=\"widget\" data-e-type=\"widget\" data-widget_type=\"image-box.default\">\n\t\t\t\t<div class=\"elementor-widget-container\">\n\t\t\t\t\t<div class=\"elementor-image-box-wrapper\"><div class=\"elementor-image-box-content\"><h3 class=\"elementor-image-box-title\">Kov\u00e1cs \u00c1kos<\/h3><p class=\"elementor-image-box-description\">+36 20 432 7213\nkovacs.akos(kukac)hunlease.hu<\/p><\/div><\/div>\t\t\t\t<\/div>\n\t\t\t\t<\/div>\n\t\t\t\t\t<\/div>\n\t\t<\/div>\n\t\t\t\t\t<\/div>\n\t\t<\/section>\n\t\t\t\t<\/div>\n\t\t","protected":false},"excerpt":{"rendered":"<p>A szolg\u00e1ltat\u00e1sokat a HunLease P\u00e9nz\u00fcgyi Szolg\u00e1ltat\u00f3 Kft a P\u00e9nz\u00fcgyi Szervezetek \u00c1llami fel\u00fcgyelete EN-I-928\/2010. sz\u00e1m\u00fa hat\u00e1rozat\u00e1ban foglalt enged\u00e9lye (www.mnb.hu) alapj\u00e1n f\u00fcggetlen k\u00f6zvet\u00edt\u0151k\u00e9nt k\u00edn\u00e1lja \u00fcgyfelei sz\u00e1m\u00e1ra. A honlapon k\u00f6zz\u00e9tett inform\u00e1ci\u00f3k nem min\u0151s\u00fclnek aj\u00e1nlatt\u00e9telnek, kiz\u00e1r\u00f3lag a figyelemfelkelt\u00e9s c\u00e9lj\u00e1t szolg\u00e1lj\u00e1k. A p\u00e9nz\u00fcgyi szolg\u00e1ltat\u00e1sokkal kapcsolatban tov\u00e1bbi inform\u00e1ci\u00f3 \u00e9s aj\u00e1nlatk\u00e9r\u00e9s egyeztetett id\u0151pontban szem\u00e9lyesen a HunLease Kft [&hellip;]<\/p>\n","protected":false},"author":1,"featured_media":0,"parent":0,"menu_order":0,"comment_status":"closed","ping_status":"closed","template":"","meta":{"footnotes":""},"class_list":["post-16","page","type-page","status-publish","hentry"],"_links":{"self":[{"href":"https:\/\/hunlease.hu\/wordpress\/wp-json\/wp\/v2\/pages\/16","targetHints":{"allow":["GET"]}}],"collection":[{"href":"https:\/\/hunlease.hu\/wordpress\/wp-json\/wp\/v2\/pages"}],"about":[{"href":"https:\/\/hunlease.hu\/wordpress\/wp-json\/wp\/v2\/types\/page"}],"author":[{"embeddable":true,"href":"https:\/\/hunlease.hu\/wordpress\/wp-json\/wp\/v2\/users\/1"}],"replies":[{"embeddable":true,"href":"https:\/\/hunlease.hu\/wordpress\/wp-json\/wp\/v2\/comments?post=16"}],"version-history":[{"count":21,"href":"https:\/\/hunlease.hu\/wordpress\/wp-json\/wp\/v2\/pages\/16\/revisions"}],"predecessor-version":[{"id":264,"href":"https:\/\/hunlease.hu\/wordpress\/wp-json\/wp\/v2\/pages\/16\/revisions\/264"}],"wp:attachment":[{"href":"https:\/\/hunlease.hu\/wordpress\/wp-json\/wp\/v2\/media?parent=16"}],"curies":[{"name":"wp","href":"https:\/\/api.w.org\/{rel}","templated":true}]}}